 divided by p(11)?
2
Suppose -5*z - 19 - 26 = -4*y, 3*y + 2*z - 51 = 0. Let s = 11 + -5. Calculate the remainder when y is divided by s.
3
Suppose 2*n + 2*f = 36, 0 = -n - 2*n + 4*f + 40. Suppose 0 = -4*q + 2*s + 30 + 4, 5*q - 3*s = 43. Let i = q + -2. What is the remainder when n is divided by i?
4
Let t be 5/(-2)*(1 + 3). Let k = -7 - t. Suppose -k*g + 35 = -2*g. Calculate the remainder when g is divided by 12.
11
Calculate the remainder when 32 is divided by 4/(-32)*-4*18.
5
What is the remainder when 44 is divided by -2 + 36/21 + 642/42?
14
Let c(u) = u**2 + 5*u + 4. Let p = 0 - -4. Let n = 8 - p. Calculate the remainder when c(-6) is divided by n.
2
Let b = -416 - -418. Let j = -5 - -9. What is the remainder when j is divided by b?
0
Suppose -5*y + 60 = -5*g, y - 2*g - 7 = 5. What is the remainder when 20 is divided by y?
8
Suppose 246 = 5*i + 11. What is the remainder when i is divided by 24?
23
Suppose -5*z = -d - 23 - 39, 74 = 5*z + 3*d. Calculate the remainder when 61 is divided by z.
9
Let r be 1/((-1)/12*-3). Suppose 3*j + 30 = -z - r*z, -3*z = j + 14. Let a(x) = x**2 + 3*x + 1. Calculate the remainder when 31 is divided by a(j).
9
Let i be (2/4)/((-3)/(-18)). Suppose 3*m - 48 = -m - i*r, 5*m = -3*r + 63. Calculate the remainder when 27 is divided by m.
12
Let s(o) = -o**3 - 7*o**2 - 6*o - 9. Let p = 9 + -7. Suppose -36 = -p*y - 2. Calculate the remainder when s(-7) is divided by y.
16
Suppose 2*y - 10*y = -360. Calculate the remainder when y is divided by 4.
1
Let q(x) = x**3 + 13*x**2 - 17*x - 32. Calculate the remainder when 46 is divided by q(-14).
6
Suppose 4*j + 10 = p, 0 = -3*p + 3*j + 43 + 14. What is the remainder when p is divided by 12?
10
Let b be (-3)/3 + 1 + -108. Calculate the remainder when 34 is divided by (b/48)/(6/(-32)).
10
Let v(x) = 11*x**3 + 2*x**2 - 2*x. Let g be v(2). Let t = g + -66. What is the remainder when t is divided by 7?
5
Suppose h = -h + 6. Suppose -5*o = -c + 2*c - 16, -3*o + h*c = -24. Calculate the remainder when 10 is divided by o.
2
Suppose -6*d - 2*c = -2*d - 72, -4*c = 5*d - 96. Let r = -2 + 11. Calculate the remainder when d is divided by r.
7
Let q(k) = -k + 8. Calculate the remainder when 78 is divided by q(-12).
18
Suppose -6*g + 5*g + 3 = 0. What is the remainder when 6 is divided by g?
0
Suppose 34 = -3*a + a. Let f = 26 + a. What is the remainder when 25 is divided by f?
7
Let t(a) = 149*a**3 - 2*a**2 + 2*a - 1. Calculate the remainder when t(1) is divided by 38.
34
Suppose -5*n - 3 - 16 = u, 0 = 3*u - 4*n - 19. Suppose -r = -u + 3, w - 18 = -2*r. What is the remainder when w is divided by 8?
6
Suppose -3 - 30 = -y. Calculate the remainder when y is divided by 5.
3
Suppose 3*k - k + 4*u + 16 = 0, -4*k - 2*u - 8 = 0. Suppose 2*y - 31 - 23 = -5*q, k = q - 4. Let i = 34 - y. What is the remainder when 48 is divided by i?
14
Let l = -12 + 24. Calculate the remainder when 22 is divided by l.
10
Let i(k) = -k - 2. Let w be i(-2). Suppose 3*r + 0*q = -3*q, 4*r + 3*q + 1 = 0. Let t = w - r. What is the remainder when 2 is divided by t?
0
Let m = 9 + -6. Suppose 0 = -2*v - m*v + 35. Calculate the remainder when 19 is divided by v.
5
Let w = 573 - 408. What is the remainder when w/12 - (-3)/12 is divided by 5?
4
Suppose o - 7 = 6. Suppose 0 = 4*k - o - 7. Calculate the remainder when 18 is divided by k.
3
Let l = 23 + -20. What is the remainder when 9 is divided by l?
0
Let b be 2/((-8)/12) + 0. Calculate the remainder when 36*((-28)/16 - b) is divided by 12.
9
Suppose -3*h + 5*c = -269 + 59, 0 = 5*h - 3*c - 350. What is the remainder when h is divided by 24?
22
Suppose -2*f + 4 = -10. What is the remainder when 9/(-27) - 116/(-6) is divided by f?
5
Let w(i) = 2*i**2 - 4*i - 16. What is the remainder when w(5) is divided by 6?
2
Let t(i) = i**3 - 11*i**2 + 11*i - 15. Let k be t(10). Let j(l) = -2*l - 5. Calculate the remainder when 13 is divided by j(k).
3
Let p(d) = d**3 + 17*d**2 + 15*d - 5. What is the remainder when p(-16) is divided by 6?
5
Let k = -104 - -167. Calculate the remainder when k is divided by 22.
19
Suppose 0*v + 4*v - 44 = 0. Let d = -6 + v. What is the remainder when 19 is divided by d?
4
Suppose -74 + 6 = -2*v. What is the remainder when v is divided by 9?
7
Let o = 66 - 31. Let k(w) = w**2 - 4*w. What is the remainder when o is divided by k(6)?
11
Let k = 48 - 34. Calculate the remainder when 41 is divided by k.
13
Let f(w) = w**3 + 3*w**2. Let z be f(-3). Suppose 1 = -q - z*q. Calculate the remainder when 6*(57/(-9))/q is divided by 13.
12
Suppose -2*g + 282 = 4*o + 3*g, 4*g = 8. Calculate the remainder when o is divided by 18.
14
Suppose 0 = 3*c - 7 - 5. Let x = c - -2. Calculate the remainder when 27 is divided by x.
3
Let j(c) = c**3 + 13*c**2 - 15*c - 7. Let o be j(-14). Suppose -2*m - 270 = -o*m. What is the remainder when m is divided by 28?
26
Suppose y = -5*q + 25, 0 = -q - 3*q + 3*y + 1. Let g(s) = s**2 - 3*s + 3. Let t be g(q). What is the remainder when 11 is divided by (-2)/t + 46/14?
2
Let f(q) = 7 + 6*q**2 - 4*q**2 - q**2 + 2*q + 1. Calculate the remainder when 63 is divided by f(4).
31
Let z = -28 + 39. What is the remainder when z is divided by 4?
3
Let a be (-1)/(35/(-12) + 3). Let i be (0 + 4/(-6))*a. Let u = i - 4. What is the remainder when u is divided by 2?
0
Let b = -170 + 267. What is the remainder when b is divided by 25?
22
Let l = -34 - -59. Suppose -2*x + 23 = -l. Suppose -c + 2*c = g - 15, g + 2*c = 9. Calculate the remainder when x is divided by g.
11
Suppose 0*h = -3*h + 138. Suppose -h + 12 = -2*i. What is the remainder when i is divided by 9?
8
Let t(h) = h**2 + 11*h + 12. Calculate the remainder when 31 is divided by t(-11).
7
Suppose 5*z = 6*g - g - 210, 20 = 4*z. Calculate the remainder when g is divided by 16.
15
What is the remainder when 8 is divided by 40/12*3/5?
0
Let v(w) = 78*w**3 + 1. Let p be v(1). Suppose -p - 14 = -3*j. Let h = -37 - -53. What is the remainder when j is divided by h?
15
Suppose 0*j + 3*j + u - 67 = 0, -j = u - 23. Calculate the remainder when j is divided by 5.
2
Suppose 104 = a + 3*a. Suppose 110 = 5*r - 0*r + x, 0 = r + x - a. What is the remainder when 40 is divided by 3/(18/4)*r?
12
Let s = 154 - 151. Calculate the remainder when 3 is divided by s.
0
Let i = 0 + -4. What is the remainder when (-29)/(-2)*i/(-2) is divided by 8?
5
Suppose 4 + 1 = 5*n - 2*z, n - z = 4. Let s(p) = -6*p + 1. What is the remainder when 12 is divided by s(n)?
5
Suppose 2*p - 26 = -3*m + 35, 2*p + 2*m = 56. Calculate the remainder when p is divided by 3.
2
Suppose -5*j + 21 = -k, 0*j + 2*j = -4*k + 4. Suppose 0*s = -4*s - j, 0 = -5*o - 5*s + 5. Suppose -4 = w - o*w. Calculate the remainder when 6 is divided by w.
2
Let w(n) = n**3 + 3*n**2 - 2*n - 1. Let q(u) = -2*u + 1. Let z be q(-1). Suppose -43 + 4 = -z*x. Calculate the remainder when x is divided by w(-3).
3
Let f(b) = -7*b - 5. Let j be 1 - -6 - (-4)/(-2). Let y(x) = 3*x + 2. Let w(z) = j*y(z) + 2*f(z). Calculate the remainder when w(4) is divided by 3.
1
Suppose 0 = 8*b - 290 + 66. Calculate the remainder when 111 is divided by b.
27
Let i(a) = -a**2 + 7*a + 1. Let j = 12 - 9. Suppose j*p - 5*p = -76. What is the remainder when p is divided by i(4)?
12
Let p be (-12)/9*3/2. Let x = 0 + p. What is the remainder when 0/(1 + x) + 2 is divided by 2?
0
Suppose -14 = -5*x - 4. Suppose 38 = 4*y - 3*f, x*y + 12 = -2*f + 38. Let m = -67 - -88. Calculate the remainder when m is divided by y.
10
Suppose 6 = -6*q + 30. What is the remainder when 10 is divided by q?
2
Suppose 95 = 5*l + 5*t, l + 3*t - 2 = 11. Calculate the remainder when 42 is divided by l.
20
Suppose -63 = -5*p + 12. Calculate the remainder when p is divided by 8.
7
What is the remainder when 108 is divided by 3/(-12) + (-325)/(-20)?
12
Suppose 2*o + 3*o = 130. Suppose -4*y - 3*i + 48 = 0, 0 = -2*i + i + 4. Calculate the remainder when o is divided by y.
8
Let l be 13*3 + 2 + 0. Suppose -42 - 13 = -5*s - 5*n, 0 = s - 5*n - l. Let h(r) = 3*r**2 - 7*r + 7. What is the remainder when h(5) is divided by s?
15
Suppose -4*n + 15 = -0*h - h, -n = -4*h. Suppose -38 = -n*w + 50. Calculate the remainder when w is divided by 4 - (2 + -5 + 1 + -2).
6
What is the remainder when 65 is divided by ((-408)/(-30))/((-4)/(-10))?
3